 16*m - 1460. Let t be l(-48). What is the highest common divisor of t and 40?
4
Let l = -43 - -83. Let d(j) = -6*j + 6. Suppose 1651*f - 1642*f = -27. Let r be d(f). Calculate the highest common divisor of r and l.
8
Suppose 0*f + 4*f - 32 = 0. Let l(r) = -28837*r - 86395. Let v be l(-3). What is the highest common factor of v and f?
4
Suppose -3*o + 70 = 4*d, 2*d + 2*d = 3*o + 58. Suppose 0*w = -5*w - 10. Let s be w + (-1)/(-2)*52. What is the highest common divisor of d and s?
8
Let r be (-2 - 1469)*-2 - (-80)/(-80). What is the highest common factor of 17 and r?
17
Let c(o) = 123*o - 3237. Let n be c(34). Calculate the highest common divisor of 1755 and n.
135
Let c(v) = 2*v**3 - 6*v**2 - 17*v - 3. Let a be c(9). Suppose 0 = 8*h + 9*h - a. What is the highest common divisor of 336 and h?
48
Suppose 10*a - 11*a = -55. Let u = 0 - 2. Let p(l) = -7*l - 3. Let q be p(u). Calculate the highest common factor of q and a.
11
Suppose 4*c + 2*n = 1512, 3*c + 5*n = -0*c + 1134. Suppose -7018 = 125*a - 26676 - 7342. Calculate the highest common divisor of c and a.
54
Let f(d) = -2 - 9 - 3 + 2 + 25*d. Let q be f(2). Calculate the greatest common factor of 95 and q.
19
Suppose 4*i - 16 = g + 3*i, -4*g - 65 = -5*i. Let w be (-500 - 4)*(-2 - g/(-9)). Suppose -o + w = 10*o. What is the highest common factor of o and 24?
24
Let q = -11 + 32. Let b = q - 10. Let u(d) = -d**3 + 10*d**2 + 15*d + 16. Let n be u(b). Calculate the highest common factor of n and 20.
20
Let y = 20669 + -15268. What is the highest common divisor of 11 and y?
11
Let r = -317 + 320. Suppose -14 = -r*f + 2*f + 2*q, -25 = -2*f + 3*q. Calculate the highest common factor of 18 and f.
2
Let w = 11 + 16. Let x be ((-9)/(-1))/((-26)/78) + 3. Let k(r) = 2*r**3 + 51*r**2 + 59*r - 15. Let c be k(x). What is the highest common divisor of c and w?
27
Let k be (3/5 - 255/50)*(-1182 + -4). What is the greatest common divisor of k and 27?
9
Suppose 0 = -2*x + 220 - 212, 3*o - 5*x - 337 = 0. What is the greatest common divisor of o and 731?
17
Let q = 6177 - 3921. What is the greatest common divisor of q and 240?
48
Suppose 6*g = -3*v + 4*g + 176, -5*v + 292 = 4*g. Let p be (2046/9889)/((-5)/(-870)). What is the greatest common factor of p and v?
12
Suppose -173 = 4*f - 45. Let z = f - -34. Suppose 0*p - 237 = -3*p - b, 5*p + z*b - 394 = 0. Calculate the highest common divisor of 10 and p.
10
Let t = -6390 - -6526. What is the highest common factor of t and 1122?
34
Let a(d) = -2*d**2 - 23*d - 6. Let j be a(-11). Let q be (-28)/j - (-16)/(-40). Let u be (28/10)/(q/(-15)). Calculate the highest common divisor of 2 and u.
1
Suppose d + 6 = 13. Suppose 0 = 7021*q - 6907*q - 70224. Calculate the greatest common divisor of q and d.
7
Let l = 20 - 17. Suppose 2*y - 7 = 1, -2*z = -l*y - 30. Let i be (-2 + (-20)/(-14))*(-1323)/54. Calculate the greatest common divisor of z and i.
7
Let d be 36/8*10/15 - -557. Suppose -d = 8*c - 24*c. Calculate the highest common divisor of c and 5.
5
Suppose 29*x + 126*x - 6496 = -48*x. Suppose 2*h = 592 + 16. Calculate the highest common divisor of h and x.
16
Suppose 618*w = 1598858 - 353588. Calculate the greatest common divisor of w and 5.
5
Let j be (-230)/(-920) - (-19)/4. What is the highest common divisor of 2155 and j?
5
Suppose -39*a - 2712 = -43*a. Suppose 15*w - a = 897. What is the highest common factor of 1365 and w?
105
Let c = 3465 - 3418. What is the highest common divisor of 2209 and c?
47
Let l = 6347 - 6352. Let a(p) be the first derivative of -15*p**2/2 - 10*p + 1. Let j be a(l). What is the greatest common factor of j and 13?
13
Let c = -3051 + 3210. Calculate the greatest common divisor of 583 and c.
53
Let d = 446 - 404. Suppose 0 = -l - r - r + 610, 4*l = 4*r + 2380. Suppose 2*s = -4*v + l, -2*v + v = -3. Calculate the highest common divisor of d and s.
42
Suppose 5*y + 3*u - 5169 = 0, 5*y + 3028*u - 3030*u = 5129. What is the highest common factor of y and 12?
3
Let j(k) = k**3 + 26*k**2 + 23*k - 20. Suppose -f + 4 = 0, -q - 4*f + 41 = -2*q. Let b be j(q). Calculate the highest common factor of 18 and b.
6
Suppose 0 = 6*f + 3*y - 198, -4*f - 5*y - 103 + 253 = 0. Suppose 0*s - 2*s + 70 = 0. What is the highest common divisor of f and s?
5
Suppose 0 = -17*r - 75 + 194. Let y be 532/22 - (r + 225/(-33)). Let s(j) = 48*j. Let i be s(1). Calculate the greatest common divisor of y and i.
24
Let o be (-10 - (-72)/7)/((-13)/(-11648)). What is the greatest common factor of o and 104?
8
Let d(o) = o**2 - 9*o - 20. Suppose 0 = -13*b + 3*b - 80. Let l be d(b). What is the greatest common divisor of 4 and l?
4
Suppose 11*r - 2*r - 144 = 0. Let m(h) = 2*h + 12. Let d be m(-15). Let f be (d/45)/(2/(-10)). What is the greatest common factor of r and f?
2
Let l = 113 + 229. Suppose 0 = 4*m - 458 - l. Suppose -22 - 18 = -2*z. What is the greatest common factor of m and z?
20
Suppose 0 = 11*k - 12*k + 33. Suppose 4*w + 2*c - 26 = 0, 2*w - 3*c + 8*c = k. Suppose -s + 17 = -w. What is the highest common divisor of s and 14?
7
Let i = 171 + -45. Let n(p) = 14*p - 168. Let g be n(22). Calculate the greatest common divisor of g and i.
14
Let r = -5175 + 7541. Calculate the highest common factor of r and 4550.
182
Suppose -14*t = -16*t + 6. Let k be -5*(8/2 - (15 + t)). Suppose k*s - 65*s = 845. What is the greatest common factor of s and 13?
13
Let l be 120/96*(-16)/(-30)*114. What is the highest common divisor of 1634 and l?
38
Let m(o) = 3*o**3 - 5*o**2 - o - 10. Let s be m(5). Suppose 91*q - 679 = 2785 + 5090. Calculate the greatest common factor of q and s.
47
Let w = 7890 + -5308. Calculate the greatest common divisor of 2 and w.
2
Let n(s) = -3*s**2. Let f be n(3). Let k = f - -59. Suppose -3*m = -m + z - 30, -5*z = -4*m + k. What is the greatest common factor of m and 26?
13
Suppose -2*n = -2*s - 36, -35 = -4*n + 3*s + 38. Let y = 166 + -38. Let m = y + -109. Calculate the highest common divisor of n and m.
19
Suppose 38*h - 1171 = -h + 1169. Let q(j) = -j**2 + 11*j - 4. Let x be q(7). What is the greatest common factor of h and x?
12
Let s = -24 - -244. Suppose -90 + 130 = m. Let t be m/(-1)*(-20)/40. What is the greatest common factor of t and s?
20
Suppose 5*i + 16 = -24. Let z(t) = 2*t**3 + 7*t**2 - 4*t - 9. Let b be z(i). Let f be (-1)/3 - b/21. Calculate the greatest common divisor of 286 and f.
26
Let s = -802 - -1472. What is the highest common factor of s and 10?
10
Suppose -121*o - 78*o + 89550 = 0. Calculate the greatest common divisor of o and 72.
18
Let z = -8392 + 8722. Calculate the greatest common factor of 162 and z.
6
Let j = 7735 - 4555. Calculate the greatest common factor of j and 60.
60
Let m(w) = 2*w**3 + 3*w**2 + 2*w - 7. Let k be m(2). Calculate the highest common factor of k and 845.
5
Let q be 7920/150*160/12. What is the greatest common divisor of 132 and q?
44
Suppose -729*b - 420 = -732*b. Suppose 144*r = b*r + 880. What is the greatest common factor of r and 132?
44
Let w = -1591 + 1624. Let k be ((-9276)/21)/(-4) + 3/(-7). What is the greatest common divisor of w and k?
11
Let v = -15659 + 20384. What is the greatest common divisor of 540 and v?
135
Suppose 0 = -l - 5*i + 120, 43*l = 42*l - 2*i + 129. What is the greatest common divisor of 369 and l?
9
Let k = -623 + 642. What is the greatest common divisor of 171 and k?
19
Let b = 49 - 58. Let d = 28 + b. Suppose 1 - d = -3*l. Calculate the greatest common factor of 48 and l.
6
Suppose 1974184 = 397*c - 419803 + 354995. What is the greatest common factor of 432 and c?
48
Suppose 0 = -0*a + 6*a + a. Suppose 4*v = -2*y + 104, 5*v + 3*y - 74 - 56 = a. Calculate the greatest common divisor of v and 234.
26
Let f = -1493 + 1655. Calculate the highest common factor of 126 and f.
18
Suppose 0 = -64*k + 65*k. Suppose k = n + 167 - 337. What is the greatest common divisor of 5 and n?
5
Suppose 5*s - 1107 - 2173 = -4*x, -3*x + 15 = 0. Let w = s - 373. What is the greatest common divisor of w and 9?
9
Suppose 4*w = 2*u + 2372, -w + 4*u - 198 = -784. What is the highest common divisor of w and 918?
54
Let t be (-9 - (-1362 - 3)) + 0/2 - -3. What is the highest common divisor of t and 604?
151
Let z be 36/(-30)*(4/(-6) - (-5586)/(-126)). Calculate the highest common factor of 8748 and z.
54
